{"id":372,"date":"2021-01-30T20:27:14","date_gmt":"2021-01-30T20:27:14","guid":{"rendered":"http:\/\/www.wassermeister.nrw\/?page_id=372"},"modified":"2021-05-25T00:09:29","modified_gmt":"2021-05-24T22:09:29","slug":"nutzungsbedingungen","status":"publish","type":"page","link":"https:\/\/www.WasserMeister.nrw\/wassermeister-nrw\/nutzungsbedingungen\/","title":{"rendered":"Nutzungsbedingungen"},"content":{"rendered":"\t\t<div data-elementor-type=\"wp-page\" data-elementor-id=\"372\" class=\"elementor elementor-372\">\n\t\t\t\t\t\t<section class=\"elementor-section elementor-top-section elementor-element elementor-element-74b1c631 elementor-section-full_width elementor-section-content-bottom elementor-section-height-default elementor-section-height-default\" data-id=\"74b1c631\" data-element_type=\"section\" data-e-type=\"section\">\n\t\t\t\t\t\t\t<div class=\"elementor-background-overlay\"><\/div>\n\t\t\t\t\t\t\t<div class=\"elementor-container elementor-column-gap-default\">\n\t\t\t\t\t<div class=\"elementor-column elementor-col-33 elementor-top-column elementor-element elementor-element-29089236\" data-id=\"29089236\" data-element_type=\"column\" data-e-type=\"column\" data-settings=\"{&quot;background_background&quot;:&quot;classic&quot;}\">\n\t\t\t<div class=\"elementor-widget-wrap elementor-element-populated\">\n\t\t\t\t\t\t<div class=\"elementor-element elementor-element-7847c099 elementor-widget elementor-widget-image\" data-id=\"7847c099\" data-element_type=\"widget\" data-e-type=\"widget\" data-widget_type=\"image.default\">\n\t\t\t\t<div class=\"elementor-widget-container\">\n\t\t\t\t\t\t\t\t\t\t\t\t\t\t\t<img decoding=\"async\" width=\"300\" height=\"150\" src=\"https:\/\/www.WasserMeister.nrw\/wp-content\/uploads\/2021\/01\/nmheader_logo_web-300x150.jpg\" class=\"attachment-medium size-medium wp-image-49\" alt=\"\" srcset=\"https:\/\/www.WasserMeister.nrw\/wp-content\/uploads\/2021\/01\/nmheader_logo_web-300x150.jpg 300w, https:\/\/www.WasserMeister.nrw\/wp-content\/uploads\/2021\/01\/nmheader_logo_web.jpg 454w\" sizes=\"(max-width: 300px) 100vw, 300px\" \/>\t\t\t\t\t\t\t\t\t\t\t\t\t\t\t<\/div>\n\t\t\t\t<\/div>\n\t\t\t\t\t<\/div>\n\t\t<\/div>\n\t\t\t\t<div class=\"elementor-column elementor-col-33 elementor-top-column elementor-element elementor-element-540b4f55\" data-id=\"540b4f55\" data-element_type=\"column\" data-e-type=\"column\" data-settings=\"{&quot;background_background&quot;:&quot;classic&quot;}\">\n\t\t\t<div class=\"elementor-widget-wrap elementor-element-populated\">\n\t\t\t\t\t\t<div class=\"elementor-element elementor-element-30a3502d elementor-widget elementor-widget-image\" data-id=\"30a3502d\" data-element_type=\"widget\" data-e-type=\"widget\" data-widget_type=\"image.default\">\n\t\t\t\t<div class=\"elementor-widget-container\">\n\t\t\t\t\t\t\t\t\t\t\t\t\t\t\t<img fetchpriority=\"high\" decoding=\"async\" width=\"591\" height=\"591\" src=\"https:\/\/www.WasserMeister.nrw\/wp-content\/uploads\/2021\/01\/Logo_Wassermeisterrand.png\" class=\"attachment-large size-large wp-image-456\" alt=\"\" srcset=\"https:\/\/www.WasserMeister.nrw\/wp-content\/uploads\/2021\/01\/Logo_Wassermeisterrand.png 591w, https:\/\/www.WasserMeister.nrw\/wp-content\/uploads\/2021\/01\/Logo_Wassermeisterrand-300x300.png 300w, https:\/\/www.WasserMeister.nrw\/wp-content\/uploads\/2021\/01\/Logo_Wassermeisterrand-150x150.png 150w\" sizes=\"(max-width: 591px) 100vw, 591px\" \/>\t\t\t\t\t\t\t\t\t\t\t\t\t\t\t<\/div>\n\t\t\t\t<\/div>\n\t\t\t\t\t<\/div>\n\t\t<\/div>\n\t\t\t\t<div class=\"elementor-column elementor-col-33 elementor-top-column elementor-element elementor-element-4ea852d5 elementor-hidden-tablet elementor-hidden-phone\" data-id=\"4ea852d5\" data-element_type=\"column\" data-e-type=\"column\" data-settings=\"{&quot;background_background&quot;:&quot;classic&quot;}\">\n\t\t\t<div class=\"elementor-widget-wrap elementor-element-populated\">\n\t\t\t\t\t\t<div class=\"elementor-element elementor-element-61d47ce3 elementor-widget-tablet__width-inherit elementor-widget__width-inherit elementor-absolute elementor-widget elementor-widget-heading\" data-id=\"61d47ce3\" data-element_type=\"widget\" data-e-type=\"widget\" data-settings=\"{&quot;_position&quot;:&quot;absolute&quot;}\" data-widget_type=\"heading.default\">\n\t\t\t\t<div class=\"elementor-widget-container\">\n\t\t\t\t\t<h3 class=\"elementor-heading-title elementor-size-default\">INFO TELEFON: 0211 - 39 10 55<br><\/h3>\t\t\t\t<\/div>\n\t\t\t\t<\/div>\n\t\t\t\t\t<\/div>\n\t\t<\/div>\n\t\t\t\t\t<\/div>\n\t\t<\/section>\n\t\t\t\t<section class=\"elementor-section elementor-top-section elementor-element elementor-element-ae5347c elementor-section-boxed elementor-section-height-default elementor-section-height-default\" data-id=\"ae5347c\" data-element_type=\"section\" data-e-type=\"section\">\n\t\t\t\t\t\t<div class=\"elementor-container elementor-column-gap-default\">\n\t\t\t\t\t<div class=\"elementor-column elementor-col-100 elementor-top-column elementor-element elementor-element-236d06f\" data-id=\"236d06f\" data-element_type=\"column\" data-e-type=\"column\">\n\t\t\t<div class=\"elementor-widget-wrap elementor-element-populated\">\n\t\t\t\t\t\t<div class=\"elementor-element elementor-element-18a1eeb elementor-widget elementor-widget-text-editor\" data-id=\"18a1eeb\" data-element_type=\"widget\" data-e-type=\"widget\" data-widget_type=\"text-editor.default\">\n\t\t\t\t<div class=\"elementor-widget-container\">\n\t\t\t\t\t\t\t\t\t<div id=\"content_dual\"><div id=\"content_left\"><h1>Nutzungsbedingungen<\/h1><p class=\"bodytext\">\u00a0<\/p><p>Die Niepmann GmbH beh\u00e4lt sich s\u00e4mtliche Rechte vor, die im Rahmen dieser Nutzungsbedingungen nicht ausdr\u00fccklich einger\u00e4umt werden.<\/p><p><b>Nutzungsbedingungen &#8211; Zustimmung<\/b><br \/>Die Dienste, welche die Niepmann GmbH auf Ihren Webseiten anbietet, unterliegen den hier dargestellten Nutzungsbedingungen. Die Niepmann GmbH beh\u00e4lt sich das Recht vor, diese Nutzungsbedingungen jederzeit ohne vorherige Benachrichtigung zu aktualisieren. Die jeweils aktuelle Version der Nutzungsbedingungen kann durch Anklicken des Hypertexts \u201eNutzungsbedingungen\u201c am Ende unserer Webseiten eingesehen werden.<\/p><p>Die Niepmann GmbH beh\u00e4lt sich das Recht vor, die auf dieser Webseite angebotenen Informationen, Produkte oder Dienstleistungen ohne gesonderte Ank\u00fcndigung jederzeit zu ver\u00e4ndern oder zu aktualisieren. F\u00fcr gegebenenfalls bestehende oder k\u00fcnftig entstehende Rechtsverh\u00e4ltnisse ist ausschlie\u00dflich deutsches Recht anwendbar und sind nur deutsche Gerichte zust\u00e4ndig.<\/p><p><b>Links auf Seiten Dritter<\/b><br \/>Die Niepmann GmbH pr\u00fcft und aktualisiert die Informationen auf ihren Webseiten regelm\u00e4\u00dfig. Trotz aller Sorgfalt k\u00f6nnen sich Daten zwischenzeitlich ver\u00e4ndert haben. Die in den von der Niepmann GmbH angebotenen L\u00f6sungen enthaltenen Daten und Informationen stammen von den jeweiligen Software-Herstellern selbst. Eine Haftung oder Garantie f\u00fcr die Aktualit\u00e4t, Richtigkeit und Vollst\u00e4ndigkeit der Informationen kann daher nicht \u00fcbernommen werden. Diese Webseite enth\u00e4lt Verweise auf Webseiten, die von Dritten eingerichtet wurden. Die Niepmann GmbH hat keinerlei Kontrolle \u00fcber diese Webseiten und die dort angebotenen Informationen, Waren oder Dienstleistungen. Die Niepmann GmbH \u00fcbernimmt daher keinerlei Verantwortung, aus welchem Rechtsgrund auch immer, f\u00fcr den Inhalt von Webseiten Dritter. Die Niepmann GmbH stellt Ihnen die Links auf andere Webseiten nur zur Vereinfachung zur Verf\u00fcgung und macht sich deren Inhalte durch Verkn\u00fcpfungen dorthin (&#8222;Hyperlinks&#8220;) nicht zu eigen.<\/p><p><b>Hinweis bez\u00fcglich der auf dieser Webseite abrufbaren Dokumente und Informationen<\/b><br \/>DIE Niepmann GmbH UND\/ODER IHRE LIEFERANTEN HAFTEN NICHT F\u00dcR BESONDERE ODER INDIREKTE SCH\u00c4DEN, FOLGESCH\u00c4DEN ODER SONSTIGE SCH\u00c4DEN, DIE AUS NUTZUNGSAUSFALL, VERLUST VON DATEN ODER ENTGANGENEM GEWINN RESULTIEREN \u2013 SEI ES BEI VERTRAGSGEM\u00c4SSER NUTZUNG ODER DURCH NACHL\u00c4SSIGKEIT ODER SONSTIGE UNERLAUBTE HANDLUNG \u2013 UND DURCH DIE ODER IM ZUSAMMENHANG MIT DER VERWENDUNG VON DOKUMENTEN, DER ZURVERF\u00dcGUNGSTELLUNG VON ODER DEM AUSBLEIBEN DES ZURVERF\u00dcGUNGSTELLENS VON DIENSTEN ODER DURCH \u00dcBER DIENSTE ZUG\u00c4NGLICHE INFORMATIONEN ENTSTANDEN SIND.<\/p><p>\u00a0<\/p><\/div><div id=\"content_right\"><p class=\"bodytext\">DIE Niepmann GmbH UND\/ODER IHRE LIEFERANTEN MACHEN KEINE ANGABEN ZUR EIGNUNG DER VER\u00d6FFENTLICHTEN DOKUMENTE ODER ZUGEH\u00d6RIGEN GRAFIKEN F\u00dcR BESTIMMTE ZWECKE. S\u00c4MTLICHE DOKUMENTE NEBST DER DAZUGEH\u00d6RIGEN GRAFIKEN WERDEN \u201eWIE BESEHEN\u201c UND OHNE GEW\u00c4HRLEISTUNG JEGLICHER ART ZUR VERF\u00dcGUNG GESTELLT.<\/p><p>DIE Niepmann GmbH UND\/ODER IHRE LIEFERANTEN SCHLIESSEN HIERMIT GEW\u00c4HRLEISTUNGEN UND BEDINGUNGEN HINSICHTLICH TAUGLICHKEIT, EIGNUNG F\u00dcR BESTIMMTE ZWECKE UND NICHTVERLETZUNG VON RECHTEN DRITTER AUS. IN KEINEM FALL K\u00d6NNEN DIE Niepmann GmbH UND\/ODER IHRE LIEFERANTEN F\u00dcR BESONDERE ODER INDIREKTE SCH\u00c4DEN, FOLGESCH\u00c4DEN ODER SONSTIGE SCH\u00c4DEN, DIE AUS NUTZUNGSAUSFALL, VERLUST VON DATEN ODER ENTGANGENEM GEWINN RESULTIEREN UND DURCH DIE ODER IM ZUSAMMENHANG MIT DER VERWENDUNG DER ZUR VERF\u00dcGUNG GESTELLTEN DOKUMENTE ODER GRAFIKEN ENTSTANDEN SIND, HAFTBAR GEMACHT WERDEN &#8211; SEI ES BEI VERTRAGSGEM\u00c4SSER NUTZUNG ODER DURCH NACHL\u00c4SSIGKEIT ODER SONSTIGE UNERLAUBTE HANDLUNG.<\/p><p>DIE AUF DIESEN WEBSEITEN VER\u00d6FFENTLICHTEN DOKUMENTE UND DIE DAZUGEH\u00d6RIGEN GRAFIKEN K\u00d6NNEN TECHNISCHE UNGENAUIGKEITEN UND TYPOGRAFISCHE FEHLER ENTHALTEN. \u00c4NDERUNGEN WERDEN PERIODISCH DEN ZUR VERF\u00dcGUNG GESTELLTEN INFORMATIONEN HINZUGEF\u00dcGT. DER Niepmann GmbH UND\/ODER IHREN LIEFERANTEN IST ES GESTATTET, JEDERZEIT VERBESSERUNGEN UND\/ODER \u00c4NDERUNGEN AN DEN HIER BESCHRIEBENEN PRODUKTEN UND\/ODER PROGRAMMEN VORZUNEHMEN.<\/p><p><b>Verhaltenspflichten des Nutzers<\/b><br \/>Die Nutzung der von der Niepmann GmbH bereitgestellten Webseiten ist unter der Bedingung gestattet, dass Sie die Webseiten oder deren Inhalte nicht f\u00fcr Zwecke verwenden, die rechtswidrig sind oder gegen diese Nutzungsbedingungen versto\u00dfen. Diese Webseiten d\u00fcrfen nicht in einer Weise genutzt werden, die Server der Niepmann GmbH oder die mit einem Niepmann GmbH Server verbundenen Netzwerke sch\u00e4digen, deaktivieren, \u00fcberlasten oder beeintr\u00e4chtigen k\u00f6nnten, oder welche die Nutzung der Dienste durch Dritte beeintr\u00e4chtigen k\u00f6nnten. Es ist Ihnen nicht gestattet, sich durch das Knacken von Codes, illegale Beschaffung von Kennw\u00f6rtern oder sonstige Methoden unerlaubt Zugang zu Diensten, Accounts, Computersystemen oder mit diesen verbundenen Netzwerken zu verschaffen. Es ist Ihnen ferner nicht gestattet zu versuchen, Materialien oder Informationen zu erlangen, falls dieses nicht auf den WebSeiten der Niepmann GmbH selbst vorgesehen ist.<\/p><\/div><\/div>\t\t\t\t\t\t\t\t<\/div>\n\t\t\t\t<\/div>\n\t\t\t\t\t<\/div>\n\t\t<\/div>\n\t\t\t\t\t<\/div>\n\t\t<\/section>\n\t\t\t\t<\/div>\n\t\t","protected":false},"excerpt":{"rendered":"<p>INFO TELEFON: 0211 &#8211; 39 10 55 Nutzungsbedingungen \u00a0 Die Niepmann GmbH beh\u00e4lt sich s\u00e4mtliche Rechte vor, die im Rahmen dieser Nutzungsbedingungen nicht ausdr\u00fccklich einger\u00e4umt werden. Nutzungsbedingungen &#8211; ZustimmungDie Dienste, welche die Niepmann GmbH auf Ihren Webseiten anbietet, unterliegen den hier dargestellten Nutzungsbedingungen. Die Niepmann GmbH beh\u00e4lt sich das Recht vor, diese Nutzungsbedingungen jederzeit ohne [&hellip;]<\/p>\n","protected":false},"author":2,"featured_media":0,"parent":0,"menu_order":0,"comment_status":"closed","ping_status":"closed","template":"elementor_canvas","meta":{"footnotes":""},"class_list":["post-372","page","type-page","status-publish","hentry"],"_links":{"self":[{"href":"https:\/\/www.WasserMeister.nrw\/wassermeister-nrw\/wp-json\/wp\/v2\/pages\/372","targetHints":{"allow":["GET"]}}],"collection":[{"href":"https:\/\/www.WasserMeister.nrw\/wassermeister-nrw\/wp-json\/wp\/v2\/pages"}],"about":[{"href":"https:\/\/www.WasserMeister.nrw\/wassermeister-nrw\/wp-json\/wp\/v2\/types\/page"}],"author":[{"embeddable":true,"href":"https:\/\/www.WasserMeister.nrw\/wassermeister-nrw\/wp-json\/wp\/v2\/users\/2"}],"replies":[{"embeddable":true,"href":"https:\/\/www.WasserMeister.nrw\/wassermeister-nrw\/wp-json\/wp\/v2\/comments?post=372"}],"version-history":[{"count":17,"href":"https:\/\/www.WasserMeister.nrw\/wassermeister-nrw\/wp-json\/wp\/v2\/pages\/372\/revisions"}],"predecessor-version":[{"id":1033,"href":"https:\/\/www.WasserMeister.nrw\/wassermeister-nrw\/wp-json\/wp\/v2\/pages\/372\/revisions\/1033"}],"wp:attachment":[{"href":"https:\/\/www.WasserMeister.nrw\/wassermeister-nrw\/wp-json\/wp\/v2\/media?parent=372"}],"curies":[{"name":"wp","href":"https:\/\/api.w.org\/{rel}","templated":true}]}}